tors of c?
2, 3, 5
Let w(m) = m**3 - 7*m**2 + 4*m + 8. Let l be w(8). Let a = l + -48. List the prime factors of a.
2, 7
What are the prime factors of 120/12*(10 + 0)?
2, 5
Let j(q) = -19*q. Let k be j(1). Let n = -11 - k. List the prime factors of n.
2
Let t(x) = 65*x + 1. What are the prime factors of t(2)?
131
Suppose -3*u + 235 = -4*y - y, 0 = 3*y + 6. List the prime factors of u.
3, 5
Let k(l) = -l + 123. Let c be k(0). Suppose -11 = 4*x - c. Suppose 4*u - x = -u - 4*i, 4*u = -2*i + 20. What are the prime factors of u?
2
What are the prime factors of (-35)/2*(-13)/(26/8)?
2, 5, 7
Suppose 5*i + 5*k + 10 = 0, 6 = -4*i + i - k. Let o be -2 + 2 + i + 5. Suppose -l - o*l + 3*y + 50 = 0, -5*l - 2*y + 51 = 0. List the prime factors of l.
11
Suppose 4*n + 0*n - 5*s = -4, -5*n + 3*s + 8 = 0. Suppose 0 = -3*d - 3*b + 57, 3*d + 2*b + 3*b - 47 = 0. Suppose 4*h - d = -n. What are the prime factors of h?
5
Suppose 2*n = 3*n - 9. Suppose 0 = -5*u + n*u - 44. List the prime factors of u/(3 + 4/(-2)).
11
Let p = 23 + -15. Suppose -5*d + k = -d + p, d = -5*k - 2. List the prime factors of (-2)/(d*(-1)/(-5)).
5
Let l = 10 + -2. Suppose l = 3*a + 5. Suppose -f = -12 - a. List the prime factors of f.
13
Suppose -4*i = -2*i - 8. Let k = 22 - i. Let a = k - 12. List the prime factors of a.
2, 3
Let m(x) = -x**2 - 1. Let f(z) = -22*z**2 - 2*z - 6. Let b(y) = -f(y) + 5*m(y). List the prime factors of b(-1).
2
Suppose 0 = -y + 3*y - 6. Suppose -p + y = b - 8, 3*p - 13 = -b. List the prime factors of b.
2, 5
Let x(t) = -t**3 - 9*t**2 - t - 8. Suppose 12 - 3 = -r. Let l be x(r). What are the prime factors of 8 + (-3)/l + 1?
2, 3
Let i(a) = a**2 + 14*a + 7. Let w be i(-14). Suppose -w*q + 9*q = 46. List the prime factors of q.
23
Let o be (1 - (-2 - 1))*2. Let p(a) be the second derivative of a**3/6 - 2*a**2 - 6*a. List the prime factors of p(o).
2
Suppose 2*x = -0*x + 8. Let m be 10/4 + (-2)/x. Suppose 3*a + 4*f + 24 = 7*a, f + 16 = m*a. What are the prime factors of a?
2, 5
Suppose -49 = -2*b - 0*b + 5*k, -4*k = b + 8. Let z = -6 + b. List the prime factors of z.
2, 3
Suppose q - 3*q = 3*n + 108, 4*n = 0. Let a be ((-8)/2 + -7)*-7. Let o = a + q. List the prime factors of o.
23
Suppose 3*u - 6 = 6*u. Let c = u - -3. Let d = 8 - c. What are the prime factors of d?
7
Let b = 3 + -1. Suppose -2*p = -8, -5*m = -4*m - 5*p + 20. Let l = b + m. What are the prime factors of l?
2
Suppose -4*n = 3*g - 65, g - 28 = -3*n + 17. Suppose -51 = -v - n. What are the prime factors of v?
37
Suppose 2*s - 2*r = -2*s + 60, 5*s + 2*r - 66 = 0. What are the prime factors of s?
2, 7
Suppose 0 = -3*n - 3*a, -3 = 5*a + 12. Suppose -2*l = -7 - n. Suppose 0 = -w - 3*k - 6, l*w - k + 2*k = 12. What are the prime factors of w?
3
Suppose 4*m = -3*a + 92, 4*a - 3*m - 84 = 2*a. What are the prime factors of a?
2, 3
Let o be ((-6)/(-2))/((-6)/(-4)). Let z = 0 + 0. What are the prime factors of z - o*3/(-2)?
3
Let c be (-2 + 6)/(1/7). Suppose 0 = -y - m - 3*m + 4, -y = -4*m - c. What are the prime factors of y?
2
List the prime factors of 1/((-4)/(-3) + -3)*-195.
3, 13
Suppose 5*r - g - 96 = 7, -3*g = -4*r + 89. Suppose 4*f = -0*f + r. What are the prime factors of f?
5
Suppose -3*g + 103 = m, -5*g + 3*m + 181 = 14. List the prime factors of g.
2, 17
Let c(u) = 11*u**2 - u - 2. Let o be c(2). Suppose 5*z = -0*z + o. Let j = z - 6. List the prime factors of j.
2
Suppose -3*h = -0*h - 9. List the prime factors of h.
3
Let r = 220 - 121. List the prime factors of r.
3, 11
List the prime factors of 1/(195/(-66) - -3).
2, 11
Let y = 280 + -172. What are the prime factors of y?
2, 3
Suppose -3*j = 4 + 32. Let c = -6 - j. List the prime factors of c.
2, 3
List the prime factors of 2/(-11) - ((-930)/33 - -5).
23
Suppose -3*z = -6, -a - 4*z = -5*a. Suppose a*w + c - 11 = -2*w, 5*w = 3*c + 35. What are the prime factors of w?
2
Suppose -10 = -2*z, -58 = 3*x - 5*z - 168. List the prime factors of x.
3, 5
What are the prime factors of (348/10 + -2)/((-2)/(-5))?
2, 41
Let l be (-9)/((-56)/(-20) + -3). Let a(s) = 11*s + 1. Let z be a(-3). Let n = l + z. List the prime factors of n.
13
Let s = -2 - -5. Let m(b) = 3*b**2 - 5*b + 3. Let l be m(s). Let a = l + -5. List the prime factors of a.
2, 5
Let f be (3 - 1)/(5/10). Suppose f*t - 3 = -4*n + 9, -3*n = -5*t + 55. List the prime factors of t.
2
What are the prime factors of 366/7 - 10/35?
2, 13
Suppose 5*m = 2*n - 218 - 625, m = -4*n + 1631. List the prime factors of n.
409
Let w(n) = 9*n + 8. Let u(f) = -f - 1. Let v(b) = -40*u(b) - 5*w(b). List the prime factors of v(-2).
2, 5
Let u(b) be the first derivative of 5*b**2/2 - 13*b - 1. List the prime factors of u(9).
2
Suppose 3*c - 84 = 4*d - c, 16 = -d + 2*c. Let i = 50 + d. List the prime factors of i.
2, 3
List the prime factors of ((-6)/4)/((-6)/328).
2, 41
Suppose 3*n + 18 = -3*y, 10*y = 2*n + 5*y - 23. Let j(h) be the second derivative of 13*h**4/12 + h**3/6 - h. What are the prime factors of j(n)?
2, 3
Let l(o) = -13*o - 2. Suppose -2*j - 3 = -d, 2*j + 14 = -3*d - 9. Let h be l(d). List the prime factors of h/6*4/3.
2, 7
Let o be 10/4*18/5. Suppose o*c + 112 = 11*c. What are the prime factors of c?
2, 7
Suppose 3*t + 2*q + q = -6, -4*t + 5*q = -28. Let o(i) = -2 + 2*i + 3 + 14*i**3 + i**t - 3*i. What are the prime factors of o(1)?
3, 5
Let y(k) = k**2 - 8*k + 11. List the prime factors of y(11).
2, 11
Let k(d) = 2*d**2 + 6*d + 1. Suppose -3*n + 3 = 15. List the prime factors of k(n).
3
Suppose c - 52 = 4*t, -c + 2*t + 24 + 30 = 0. What are the prime factors of c?
2, 7
Suppose -310 = v - 6*v. What are the prime factors of v?
2, 31
Suppose -4*m = -2*m - 14. Suppose -c + 35 + m = 0. List the prime factors of c.
2, 3, 7
Let y(h) be the second derivative of h**4/6 - h**3/2 - 3*h**2/2 + 3*h. List the prime factors of y(3).
2, 3
Suppose o = -2*s + 5, -4*o - 2*s + 14 = -6. Let k(x) = x**2 - 6*x + 2. Let g be k(o). Let h = g - -8. List the prime factors of h.
5
Let c = -13 + 18. Let y be 3/(c/(30/9)). Suppose y*d + 35 = 7*d. List the prime factors of d.
7
Suppose 2*m - 5*f - 18 = 4*m, -4*m + 8 = -f. Let b(d) = -m + 2*d + 12*d**2 - 2*d. List the prime factors of b(-1).
11
Suppose h = 3*m + 62 - 1, 195 = 3*h - 3*m. List the prime factors of h.
67
Let w(a) = a**3 - 5*a**2 - 6*a - 3. Let q be w(6). Let v = q + 8. List the prime factors of (-2)/(-5) + 38/v.
2
Suppose 0 = -5*a + 5*v + 20, -4*v = -a - 12 + 4. Suppose 52 = 2*d + 4*u, d = a*u - 3*u + 47. List the prime factors of d.
2
Suppose -5*x + 233 + 892 = 5*q, 4*x + 5*q = 899. What are the prime factors of x?
2, 113
Suppose v = -4*x + 114, -2*x + 3*v + 151 = 3*x. What are the prime factors of x?
29
Let i(p) be the second derivative of p**6/144 + p**4/6 - 2*p. Let f(z) be the third derivative of i(z). What are the prime factors of f(2)?
2, 5
Suppose 8 = -g - 0. Let b = g - -19. List the prime factors of b.
11
Suppose -14*o + 19*o - 80 = 0. What are the prime factors of o?
2
Suppose 3*v + 45 = -2*v. Let y be 1*-1*(-9 - v). Suppose y = 4*h - h - 66. List the prime factors of h.
2, 11
Let p = -176 + 388. List the prime factors of p.
2, 53
Let w(v) = 0*v - 1 - v - 1 + 4. What are the prime factors of w(-6)?
2
Suppose -4*v - 4 = 4*t, -6 - 14 = 2*t - 4*v. Suppose 5*p - 58 = -0*b - 3*b, 5*p = 4*b + 51. Let j = p - t. What are the prime factors of j?
3, 5
Let i be (0/(-2))/(-9 + 8). Let g = 8 - i. Suppose 5*a = g*a - 33. List the prime factors of a.
11
Suppose 5*t = 5*n + 845, -2*t = 2*t - 3*n - 674. What are the prime factors of t?
167
What are the prime factors of (4/6)/(22/5247)?
3, 53
Let p = 53 + -33. Suppose p = 5*g - 10. List the prime factors of g.
2, 3
Suppose 2*r + 54 = 5*r. What are the prime factors of r?
2, 3
What are the prime factors of 40*(-4 - 52/(-8))?
2, 5
List the prime factors of ((-2)/6)/((-1)/57).
19
Let y be -4*((-9)/(-12) - -1). Let i be y/(-3) + 4/6. Suppose i*r + t - 26 = 0, -r = -0*r + t - 12. List the prime factors of r.
7
Suppose 7*l - 2*l - 4*f - 48 = 0, -3*l + f + 33 = 0. Suppose -4*y - 96 = l. Let a = y - -40. List the prime factors of a.
13
Let t = 31 + -15. Suppose n - 51 = -t. List the prime factors of n.
5, 7
Let n = -77 + 148. Suppose -1 + n = 2*i. List the prime factors of i.
5, 7
Let g(o) = -6*o. Let l = -2 + 0. What are the prime f